b**2 + 6*b + 24. Let i be r(10). Calculate the greatest common divisor of i and 60.
12
Suppose -31*g + 40*g = 2610. What is the greatest common divisor of g and 116?
58
Let g = -251 + 320. What is the highest common factor of 161 and g?
23
Suppose 0 = -0*o + 6*o + 222. Let y = 149 + o. Let t be (-2)/(-9) + (-124)/(-9). What is the greatest common factor of t and y?
14
Let v = -322 + 414. What is the highest common factor of 69 and v?
23
Let o = 1481 + -1401. Calculate the highest common divisor of 60 and o.
20
Let l = 307 - 292. What is the highest common divisor of l and 25?
5
Suppose -3*f = 20 - 2. Let x = -3 - f. Suppose x = v - 5*p - 3, -52 = -5*v + 3*p. What is the greatest common divisor of v and 22?
11
Let v(c) = -c**3 - c**2 - 33*c - 13. Let i be v(-7). Calculate the greatest common factor of 8 and i.
8
Let i = -684 - -738. What is the greatest common factor of i and 9?
9
Let g be (4 - 3)*(2 + 25). Let q = -1134 - -1269. Calculate the greatest common factor of q and g.
27
Suppose 48*y - 220 = -7*y. What is the highest common divisor of 36 and y?
4
Let q = -63 + 69. Let f be (q/5)/((-27)/90) + 25. Calculate the highest common divisor of 14 and f.
7
Suppose 8*p + 32 = -0*p. Let o be p + 458/4 + 9/(-18). Calculate the highest common divisor of 22 and o.
22
Let a = -221 - -233. Let y = 2 - -1. What is the greatest common factor of a and y?
3
Suppose 0*k - 5*k + 3*q = -21, -6 = 3*q. Suppose 2*w - 170 = -k*x, -x - w - 158 = -4*x. What is the highest common factor of 27 and x?
27
Suppose -11*i + 14*i = 9. Suppose 0 = h - g - 26, 56 = i*h + 2*g - 32. What is the greatest common divisor of h and 70?
14
Suppose 324*d - 322*d = 198. What is the greatest common factor of d and 27?
9
Suppose 14*z - 56 = 13*z. Calculate the greatest common factor of z and 40.
8
Let q = -78 + 149. Let x be -4 + -5 + 2 + q. Let w(v) = -3*v - 7. Let b be w(-5). What is the highest common factor of b and x?
8
Suppose 0 = 2*w + 3*t - 57, -6*w + 62 = -4*w - 2*t. What is the highest common factor of w and 210?
30
Let v = 210 + -82. Calculate the highest common divisor of 16 and v.
16
Suppose -5*f = -2*o + 36, -2*o + 4*f + 47 = o. Suppose -2*z = -2*m + 32, o = 5*m + 5*z - 87. Calculate the greatest common divisor of 90 and m.
18
Suppose -4*m + 39 = 5*h, 2*m + 19 = 10*h - 9*h. Let d = 76 + 12. Calculate the greatest common divisor of h and d.
11
Suppose -46*g + 41*g - 3*i + 12682 = 0, 4*g + 4*i = 10144. What is the greatest common divisor of 59 and g?
59
Let k = -793 + 807. Let z be 2/((-4)/(-7))*36. Calculate the greatest common factor of z and k.
14
Let t be 7/(-3)*1*-12. Suppose 4*l - t = 224. Let s = 45 + l. What is the greatest common divisor of s and 12?
12
Let p be 8*(-7)/(-2) + -3. Suppose p = 7*v - 2*v. Let b be 15 - (v + -2)/(-1). Calculate the highest common divisor of 9 and b.
9
Let o(x) = x**2 + 4*x + 3. Let h be o(-15). What is the highest common divisor of h and 21?
21
Let r(j) = 7*j + 7. Let y be r(16). Let v = y + -92. What is the greatest common factor of v and 3?
3
Let d(c) = 21*c**2 + 21*c + 84. Let m be d(-5). What is the greatest common divisor of m and 441?
63
Let j(l) = 18*l**2 + 11*l + 1. Let a be j(-1). Calculate the greatest common divisor of a and 1944.
8
Suppose 0*o - 1400 = -7*o. Calculate the highest common divisor of o and 160.
40
Let z be 0 - (-1 + 0 - 4/2). Suppose z*q - 17 = -h - 0*q, 0 = -2*h + 2*q + 42. Calculate the highest common divisor of h and 100.
20
Let z = 1 + 35. Let n be (-139)/(-4) - 0 - (-265)/212. Calculate the highest common factor of z and n.
36
Let s be (-14)/(-21) + 572/6. Let j be 1/(-8) + 1452/s. What is the greatest common factor of j and 6?
3
Let c = -35 + 75. What is the greatest common divisor of c and 220?
20
Let d(h) = -9*h - 1. Let v be d(-4). Calculate the greatest common factor of 15 and v.
5
Let l = -333 - -375. What is the greatest common divisor of 378 and l?
42
Let b be (-6)/45 + (-7926)/(-45). Suppose 0 = -3*v - v + b. Let c = -12 - -34. What is the highest common factor of v and c?
22
Let a be 2*5/((-20)/(-18)). Suppose 0 = 5*j + 3*d - 24, 0 = 2*j - d + a - 23. Calculate the greatest common factor of 12 and j.
6
Let h = 60 + -155. Let w = h - -180. Calculate the greatest common factor of w and 34.
17
Suppose -4*u = -18 + 2. Suppose 65 = 5*g + 3*x - 80, -150 = -5*g - 2*x. Suppose -n + g = n. What is the highest common factor of n and u?
4
Suppose 4*h - 752 = 272. Suppose -3*p = -203 - h. What is the greatest common divisor of p and 51?
51
Let v(a) = 3*a**2 + 18*a + 32. Let j be v(-2). What is the highest common factor of j and 920?
8
Let v = -4 + 73. Suppose -210 - v = -9*h. Calculate the greatest common factor of h and 217.
31
Let r = 15 - 13. Suppose 12 = r*u + u. Let s be (-1554)/(-56) + 1/u. What is the greatest common factor of 42 and s?
14
Let h = -62 - -64. Let v be (-2 - 8/(-10))/(h/(-15)). Let y be 4/16 + (-286)/(-8). What is the highest common factor of y and v?
9
Let l(x) = 2*x**2 + 4*x + 7. Let p(d) = d. Let w be p(-7). Let s be l(w). Let k be 3/1*(-14)/(-6). Calculate the highest common factor of k and s.
7
Suppose -3*z + 3*s = -z + 5, s = 2*z - 1. Let m = z - -2. Let l be (m*-3)/(9/(-6)). What is the greatest common divisor of l and 4?
4
Suppose -20*i + 238 + 302 = 0. Suppose -75 - 33 = -4*n. Calculate the highest common divisor of i and n.
27
Let l be 4/(-3)*18/(-4). Let x(n) = n**3 - 5*n**2 - 7*n + 14. Let g be x(l). Let v = 110 - 78. Calculate the highest common factor of g and v.
8
Let h be 0 - -488 - (-14 - (-28)/4). Calculate the greatest common factor of 55 and h.
55
Let u(a) = a**2 - 2*a. Let g be u(-24). Calculate the highest common factor of g and 48.
48
Let b be 1306/26 + 6/(-26). Suppose 60 = 3*f - 0*f. Calculate the greatest common factor of b and f.
10
Let s = 16 + -18. Let o be s/(-8) + (141/(-12))/(-1). What is the highest common factor of o and 24?
12
Suppose 0 = 2*w - 2*s - 820, -2*w + 3*s + 811 = -2*s. Calculate the highest common factor of w and 177.
59
Let k be (-1 - -1) + (-6 - -8) - -78. Calculate the highest common divisor of 820 and k.
20
Let v be 1 + (3 - 252/(2 - -1)). Let z = v - -89. What is the greatest common factor of 99 and z?
9
Let j be 1/4*1 + 177/12. Suppose -11*y = -j*y + 128. What is the greatest common divisor of y and 8?
8
Suppose 1 = w, -2*w = -2*t + 4*t - 66. Let k = -47 - -25. Let x = k + t. What is the highest common factor of 5 and x?
5
Let p(d) = -d - 6. Let o be p(-8). Let j be o/5 - 159/(-15). What is the highest common factor of j and 33?
11
Suppose -2*i - 8 = -2*x + 18, -5*x + 74 = -2*i. Calculate the highest common factor of x and 32.
16
Suppose 60 - 25 = 5*y. Let s be 10 - y - 21*-1. Calculate the highest common divisor of s and 60.
12
Let j(f) = f**3 - 11*f**2 - 11*f + 10. Let w be j(12). Suppose 1936 = 11*a - 3*a. What is the highest common divisor of a and w?
22
Let a(y) = -2 - y + 0*y + 12. Let r be a(5). Suppose -7*o + 144 = -101. What is the greatest common divisor of r and o?
5
Let v be (-1)/(-1)*(0 + -30). Let c = -21 - -6. Let r = c - v. What is the highest common factor of 10 and r?
5
Suppose 3*a + 892 = -a - 2*f, -4*a - 904 = -f. Let j be (3 - a/(-63)) + 396/7. Calculate the highest common factor of j and 7.
7
Let l = 56 + -41. Let d(u) = 3*u**2 + u - 1. Let t be d(-8). Suppose -3*f + 42 + t = 0. Calculate the greatest common factor of l and f.
15
Let i = 960 - 828. What is the highest common factor of 30 and i?
6
Let d(v) = v**3 - 5*v**2 + 4*v - 3. Let q be d(3). Let o be ((-38)/(-9) - (-2)/q) + 38. Calculate the highest common factor of 12 and o.
6
Suppose 20 = -w + 5*w. Suppose -52 + 277 = w*t. Suppose 10*u - 21 = 29. What is the highest common factor of t and u?
5
Suppose -877 = -5*z + 1083. What is the greatest common factor of z and 224?
56
Let u = -10 + 15. Suppose 2*o + 3*l = -l + 56, -85 = -u*o + l. What is the highest common divisor of 6 and o?
6
Let p = -360 + 536. Let j = 143 + -120. Let x = j - 1. What is the highest common factor of x and p?
22
Suppose 0 = 14*g - 13*g - 12. Calculate the greatest common factor of 108 and g.
12
Let u be 41 - 16/8*(-2)/(-4). Let n = -91 + 64. Let y be 2/9 + (-264)/n. Calculate the highest common divisor of y and u.
10
Suppose -3*j - 2982 - 288 = 3*g, -5*j = 3*g + 3280. Suppose 0 =